usands digit of 1696?
1
What is the ten thousands digit of 66175?
6
What is the units digit of 9890?
0
What is the hundreds digit of 19272?
2
What is the thousands digit of 30185?
0
What is the units digit of 1038?
8
What is the hundreds digit of 576?
5
What is the units digit of 3317?
7
What is the hundred thousands digit of 122691?
1
What is the thousands digit of 46838?
6
What is the tens digit of 3989?
8
What is the units digit of 2338?
8
What is the ten thousands digit of 84170?
8
What is the thousands digit of 4854?
4
What is the hundreds digit of 4902?
9
What is the units digit of 26453?
3
What is the hundreds digit of 4603?
6
What is the units digit of 474?
4
What is the tens digit of 3336?
3
What is the tens digit of 3449?
4
What is the hundreds digit of 57700?
7
What is the units digit of 345?
5
What is the units digit of 12351?
1
What is the thousands digit of 3600?
3
What is the hundreds digit of 5843?
8
What is the tens digit of 7266?
6
What is the tens digit of 2789?
8
What is the hundreds digit of 12798?
7
What is the hundreds digit of 1798?
7
What is the tens digit of 1161?
6
What is the units digit of 10313?
3
What is the tens digit of 781?
8
What is the units digit of 19054?
4
What is the hundreds digit of 42622?
6
What is the hundreds digit of 5790?
7
What is the tens digit of 17766?
6
What is the ten thousands digit of 27717?
2
What is the hundreds digit of 24991?
9
What is the hundreds digit of 2509?
5
What is the hundreds digit of 1417?
4
What is the tens digit of 287?
8
What is the tens digit of 975?
7
What is the thousands digit of 4007?
4
What is the units digit of 571?
1
What is the thousands digit of 30172?
0
What is the tens digit of 872?
7
What is the tens digit of 3897?
9
What is the hundred thousands digit of 148485?
1
What is the hundreds digit of 3931?
9
What is the thousands digit of 1087?
1
What is the thousands digit of 4946?
4
What is the hundreds digit of 9581?
5
What is the hundreds digit of 1424?
4
What is the hundreds digit of 9373?
3
What is the hundreds digit of 549?
5
What is the tens digit of 1600?
0
What is the ten thousands digit of 14329?
1
What is the thousands digit of 14073?
4
What is the units digit of 6135?
5
What is the units digit of 196?
6
What is the units digit of 760?
0
What is the thousands digit of 62856?
2
What is the hundreds digit of 305?
3
What is the hundreds digit of 53901?
9
What is the ten thousands digit of 35630?
3
What is the tens digit of 5934?
3
What is the tens digit of 43029?
2
What is the units digit of 8150?
0
What is the tens digit of 22?
2
What is the hundreds digit of 33344?
3
What is the units digit of 5263?
3
What is the thousands digit of 7471?
7
What is the thousands digit of 4089?
4
What is the thousands digit of 20600?
0
What is the hundreds digit of 891?
8
What is the tens digit of 174382?
8
What is the units digit of 24453?
3
What is the tens digit of 67?
6
What is the units digit of 993?
3
What is the tens digit of 8474?
7
What is the hundreds digit of 4090?
0
What is the tens digit of 518?
1
What is the tens digit of 28548?
4
What is the units digit of 56186?
6
What is the units digit of 6382?
2
What is the ten thousands digit of 75447?
7
What is the ten thousands digit of 49702?
4
What is the hundreds digit of 616?
6
What is the tens digit of 106767?
6
What is the hundreds digit of 17888?
8
What is the tens digit of 3612?
1
What is the tens digit of 816?
1
What is the hundreds digit of 977?
9
What is the hundreds digit of 1223?
2
What is the hundreds digit of 455?
4
What is the ten thousands digit of 11585?
1
What is the hundreds digit of 652?
6
What is the tens digit of 579?
7
What is the tens digit of 3884?
8
What is the thousands digit of 25899?
5
What is the hundreds digit of 964?
9
What is the hundreds digit of 14531?
5
What is the hundreds digit of 22242?
2
What is the units digit of 211?
1
What is the thousands digit of 144314?
4
What is the ten thousands digit of 61714?
6
What is the units digit of 1356?
6
What is the tens digit of 528?
2
What is the units digit of 422?
2
What is the hundreds digit of 1064?
0
What is the hundreds digit of 9313?
3
What is the hundreds digit of 68720?
7
What is the tens digit of 6706?
0
What is the units digit of 908?
8
What is the hundreds digit of 1117?
1
What is the units digit of 58?
8
What is the hundreds digit of 1157?
1
What is the ten thousands digit of 22805?
2
What is the units digit of 610?
0
What is the units digit of 211319?
9
What is the tens digit of 3456?
5
What is the thousands digit of 68047?
8
What is the hundreds digit of 1526?
5
What is the ten thousands digit of 70257?
7
What is the units digit of 3966?
6
What is the units digit of 14625?
5
What is the thousands digit of 1198?
1
What is the tens digit of 517?
1
What is the ten thousands digit of 75779?
7
What is the units digit of 3660?
0
What is the units digit of 7525?
5
What is the hundreds digit of 7268?
2
What is the units digit of 13665?
5
What is the hundred thousands digit of 107692?
1
What is the thousands digit of 5152?
5
What is the hundreds digit of 57858?
8
What is the units digit of 56265?
5
What is the thousands digit of 35326?
5
What is the tens digit of 9570?
7
What is the tens digit of 1343?
4
What is the units digit of 2542?
2
What is the hundreds digit of 1650?
6
What is the tens digit of 24897?
9
What is the tens digit of 32813?
1
What is the hundreds digit of 1648?
6
What is the units digit of 40680?
0
What is the hundreds digit of 2761?
7
What is the hundreds digit of 5115?
1
What is the thousands digit of 2226?
2
What is the tens digit of 1565?
6
What is the tens digit of 2371?
7
What is the units digit of 25?
5
What is the units digit of 204?
4
What is the units digit of 7384?
4
What is the tens digit of 6657?
5
What is the units digit of 883?
3
What is the hundreds digit of 2189?
1
What is the hundreds digit of 1169?
1
What is the tens digit of 1739?
3
What is the thousands digit of 9557?
9
What is the units digit of 9236?
6
What is the tens digit of 1531?
3
What is the tens digit of 169?
6
What is the tens digit of 486?
8
What is the hundred thousands digit of 135754?
1
What is the hundreds digit of 125285?
2
What is the units digit of 1466?
6
What is the tens digit of 760?
6
What is the units digit of 3259?
9
What is the hundreds digit of 588?
5
What is the ten thousands digit of 77650?
7
What is the hundreds digit of 4459?
4
What is the units digit of 1755?
5
What is the thousands digit of 7206?
7
What is the thousands digit of 3620?
3
What is the hundreds digit of 1526?
5
What is the tens digit of 1517?
1
What is the hundreds digit of 58054?
0
What is the thousands digit of 59905?
9
What is the hundreds digit of 861?
8
What is the tens digit of 5749?
4
What is the tens digit of 2299?
9
What is the tens digit of 7920?
2
What is the hundreds digit of 391?
3
What is the thousands digit of 1757?
1
What is the hundreds digit of 800?
8
What is the units digit of 1119?
9
What is the hundreds digit of 50334?
3
What is the hundreds digit of 130370?
3
What is the thousands digit of 109788?
9
What is the hundreds digit of 1625?
6
What is the hundreds digit of 95946?
9
What is the hundreds digit of 2274?
2
What is the hundreds digit of 10056?
0
What is the hundreds digit of 28596?
5
What is the units digit of 122832?
2
What is the tens digit of 24819?
1
What is the tens digit of 1658?
5
What is the ten thousands digit of 43243?
4
What is the thousands digit of 4044?
4
What is the ten thousands digit of 10044?
1
What is the hundreds digit of 8109?
1
What is the hundreds digit of 11601?
6
What is the hundreds digit of 166800?
8
What is the units digit of 88483?
3
What is the hundreds digit of 919?
9
What is the tens digit of 12130?
3
What is the tens digit of 1145?
4
What is the hundreds digit of 69159?
1
What is the hundreds digit of 1060?
0
What is the thousands digit of 3018?
3
What is the hundreds digit of 117947?
9
What is the tens digit of 656?
5
What is the tens digit of 5769?
6
What is the units digit of 8257?
7
What is the units digit of 56984?
4
What is the hundreds digit of 52268?
2
What is the ten thousands digit of 48731?
4
What is the thousands digit of 3474?
3
What is the hundreds digit of 5491?
4
What is t